
4
What is the millions digit of 3091161121?
1
What is the tens digit of 154186979?
7
What is the ten millions digit of 43981226?
4
What is the ten millions digit of 113750626?
1
What is the ten thousands digit of 264413929?
1
What is the ten thousands digit of 6197722093?
2
What is the units digit of 52545583?
3
What is the hundred thousands digit of 780255281?
2
What is the billions digit of 2825089787?
2
What is the tens digit of 233385642?
4
What is the units digit of 36894853?
3
What is the units digit of 408612163?
3
What is the thousands digit of 504328140?
8
What is the ten thousands digit of 5730646831?
4
What is the thousands digit of 191159793?
9
What is the hundred thousands digit of 1003012308?
0
What is the tens digit of 386437993?
9
What is the billions digit of 3686190840?
3
What is the hundred millions digit of 1060976819?
0
What is the millions digit of 177981516?
7
What is the hundred thousands digit of 1347604280?
6
What is the ten thousands digit of 45055798?
5
What is the hundreds digit of 397140410?
4
What is the units digit of 302887654?
4
What is the tens digit of 3227818217?
1
What is the hundreds digit of 1433844416?
4
What is the tens digit of 516998236?
3
What is the billions digit of 1153763014?
1
What is the thousands digit of 71516353?
6
What is the hundred millions digit of 3532805762?
5
What is the units digit of 1131781?
1
What is the units digit of 425385927?
7
What is the ten thousands digit of 56876333?
7
What is the hundred thousands digit of 2980462337?
4
What is the thousands digit of 21964426?
4
What is the hundred thousands digit of 4358905?
3
What is the hundred thousands digit of 465958075?
9
What is the ten thousands digit of 360901796?
0
What is the ten thousands digit of 2577780?
7
What is the ten millions digit of 997250404?
9
What is the ten millions digit of 64948649?
6
What is the ten thousands digit of 93488834?
8
What is the tens digit of 2532625581?
8
What is the units digit of 621258722?
2
What is the tens digit of 23983292?
9
What is the hundred thousands digit of 1177392259?
3
What is the ten thousands digit of 68610113?
1
What is the hundred thousands digit of 451459513?
4
What is the millions digit of 1508674969?
8
What is the thousands digit of 26957177?
7
What is the millions digit of 1564951475?
4
What is the thousands digit of 2814925281?
5
What is the hundreds digit of 93153444?
4
What is the millions digit of 638657706?
8
What is the thousands digit of 1418267?
8
What is the ten thousands digit of 548018833?
1
What is the hundreds digit of 22857634?
6
What is the millions digit of 1056437619?
6
What is the millions digit of 5065732?
5
What is the tens digit of 63442977?
7
What is the ten millions digit of 1283625692?
8
What is the hundreds digit of 706014215?
2
What is the units digit of 208529114?
4
What is the tens digit of 208190911?
1
What is the thousands digit of 138762423?
2
What is the ten thousands digit of 253024329?
2
What is the ten millions digit of 117481347?
1
What is the thousands digit of 437443255?
3
What is the ten thousands digit of 2191255991?
5
What is the thousands digit of 231710684?
0
What is the hundreds digit of 47604838?
8
What is the ten thousands digit of 4465021389?
2
What is the ten thousands digit of 17809200?
0
What is the thousands digit of 4399003347?
3
What is the thousands digit of 140090840?
0
What is the millions digit of 35594996?
5
What is the tens digit of 409631282?
8
What is the units digit of 268411333?
3
What is the hundreds digit of 1603523843?
8
What is the ten millions digit of 40428598?
4
What is the hundreds digit of 150209618?
6
What is the millions digit of 233695671?
3
What is the ten millions digit of 62106690?
6
What is the hundreds digit of 949320262?
2
What is the ten thousands digit of 612830067?
3
What is the units digit of 100308910?
0
What is the hundred millions digit of 116921627?
1
What is the ten millions digit of 1481265083?
8
What is the ten millions digit of 808544468?
0
What is the tens digit of 1114444628?
2
What is the thousands digit of 331854971?
4
What is the hundred thousands digit of 2827000988?
0
What is the ten thousands digit of 39616900?
1
What is the ten thousands digit of 344240570?
4
What is the units digit of 99967369?
9
What is the ten millions digit of 157733204?
5
What is the thousands digit of 1117121887?
1
What is the units digit of 4769414?
4
What is the ten millions digit of 186006071?
8
What is the ten thousands digit of 1124892139?
9
What is the ten millions digit of 183325362?
8
What is the ten thousands digit of 10973307?
7
What is the millions digit of 58016982?
8
What is the hundreds digit of 290221246?
2
What is the ten thousands digit of 52175976?
7
What is the hundreds digit of 80800658?
6
What is the units digit of 1439026464?
4
What is the hundreds digit of 53550228?
2
What is the thousands digit of 749491640?
1
What is the ten thousands digit of 140030922?
3
What is the billions digit of 2191365466?
2
What is the hundred millions digit of 2106184147?
1
What is the thousands digit of 684244836?
4
What is the millions digit of 277068911?
7
What is the ten millions digit of 230090413?
3
What is the hundred thousands digit of 144901769?
9
What is the tens digit of 159857434?
3
What is the hundred thousands digit of 90254475?
2
What is the hundreds digit of 228811207?
2
What is the hundreds digit of 33124825?
8
What is the millions digit of 1468600083?
8
What is the millions digit of 3584356614?
4
What is the hundreds digit of 39317804?
8
What is the millions digit of 347678505?
7
What is the hundred thousands digit of 1441546428?
5
What is the hundred millions digit of 393733818?
3
What is the millions digit of 269020618?
9
What is the millions digit of 122631165?
2
What is the millions digit of 84179578?
4
What is the thousands digit of 791833819?
3
What is the ten thousands digit of 931934652?
3
What is the tens digit of 1075840779?
7
What is the thousands digit of 575612315?
2
What is the tens digit of 43580795?
9
What is the ten thousands digit of 363493433?
9
What is the hundred thousands digit of 354247799?
2
What is the ten millions digit of 712728812?
1
What is the hundred thousands digit of 40841860?
8
What is the units digit of 178869737?
7
What is the thousands digit of 86778614?
8
What is the billions digit of 1150416424?
1
What is the billions digit of 1123680778?
1
What is the thousands digit of 11948122?
8
What is the thousands digit of 1793387382?
7
What is the ten thousands digit of 300577772?
7
What is the millions digit of 58459217?
8
What is the hundred thousands digit of 6196049150?
0
What is the units digit of 635217179?
9
What is the ten thousands digit of 4350320584?
2
What is the hundreds digit of 28972104?
1
What is the millions digit of 382268562?
2
What is the tens digit of 233018996?
9
What is the millions digit of 1512654362?
2
What is the hundred thousands digit of 3998611487?
6
What is the hundred millions digit of 115191402?
1
What is the units digit of 134248500?
0
What is the units digit of 2047571592?
2
What is the ten millions digit of 85549211?
8
What is the hundred thousands digit of 1177164807?
1
What is the millions digit of 30409104?
0
What is the ten millions digit of 329050733?
2
What is the ten thousands digit of 59758600?
5
What is the ten thousands digit of 183768726?
6
What is the millions digit of 353901670?
3
What is the hundred thousands digit of 249663169?
6
What is the millions digit of 147351307?
7
What is the hundred millions digit of 250825815?
2
What is the hundreds digit of 105245924?
9
What is the ten millions digit of 78271567?
7
What is the ten thousands digit of 601609990?
0
What is the hundred thousands digit of 10347026?
3
What is the hundred millions digit of 532268817?
5
What is the tens digit of 128666882?
8
What is the ten thousands digit of 514940717?
4
What is the tens digit of 5221399496?
9
What is the ten thousands digit of 3627368365?
6
What is the hundred thousands digit of 112786012?
7
What is the ten millions digit of 68246111?
6
What is the hundred millions digit of 532656140?
5
What is the millions digit of 482489423?
2
What is the millions digit of 52374030?
2
What is the billions digit of 3480669